{"id":118,"date":"2025-06-24T20:28:52","date_gmt":"2025-06-25T01:28:52","guid":{"rendered":"https:\/\/oncodecolombia.com\/?page_id=118"},"modified":"2025-06-24T21:06:37","modified_gmt":"2025-06-25T02:06:37","slug":"permanencia-esal2025","status":"publish","type":"page","link":"https:\/\/oncodecolombia.com\/index.php\/permanencia-esal2025\/","title":{"rendered":"Permanencia ESAL 2025"},"content":{"rendered":"\n<p>Documentaci\u00f3n presentada para solicitar la permanencia en el R\u00e9gimen Tributario Especial:<\/p>\n\n\n\n<p><a href=\"https:\/\/www.oncodecolombia.com\/esal\/2025\/informegestion.pdf\">1- Informe de gesti\u00f3n<\/a><\/p>\n\n\n\n<p><a href=\"https:\/\/www.oncodecolombia.com\/esal\/2025\/estadosfinancieros.pdf\">2- Estados financieros<\/a><\/p>\n\n\n\n<p><a href=\"https:\/\/www.oncodecolombia.com\/esal\/2025\/certificacionrevisor.pdf\">3- Certificaci\u00f3n Revisor Fiscal<\/a><\/p>\n\n\n\n<p><a href=\"https:\/\/www.oncodecolombia.com\/esal\/2025\/certificaciondirectivos.pdf\">4- Certificaci\u00f3n Directivos<\/a><\/p>\n\n\n\n<p><a href=\"https:\/\/www.oncodecolombia.com\/esal\/2025\/acta2025.pdf\">5- Acta Asamblea<\/a><\/p>\n\n\n\n<p><a href=\"https:\/\/www.oncodecolombia.com\/esal\/2025\/antecedentes.pdf\">6- Certificaci\u00f3n antecedentes<\/a><\/p>\n","protected":false},"excerpt":{"rendered":"<p>Documentaci\u00f3n presentada para solicitar la permanencia en el R\u00e9gimen Tributario Especial: 1- Informe de gesti\u00f3n 2- Estados financieros 3- Certificaci\u00f3n Revisor Fiscal 4- Certificaci\u00f3n Directivos 5- Acta Asamblea 6- Certificaci\u00f3n antecedentes<\/p>\n","protected":false},"author":1,"featured_media":0,"parent":0,"menu_order":0,"comment_status":"closed","ping_status":"closed","template":"","meta":{"om_disable_all_campaigns":false,"_monsterinsights_skip_tracking":false,"_monsterinsights_sitenote_active":false,"_monsterinsights_sitenote_note":"","_monsterinsights_sitenote_category":0,"footnotes":""},"class_list":["post-118","page","type-page","status-publish","hentry"],"jetpack_sharing_enabled":true,"_links":{"self":[{"href":"https:\/\/oncodecolombia.com\/index.php\/wp-json\/wp\/v2\/pages\/118","targetHints":{"allow":["GET"]}}],"collection":[{"href":"https:\/\/oncodecolombia.com\/index.php\/wp-json\/wp\/v2\/pages"}],"about":[{"href":"https:\/\/oncodecolombia.com\/index.php\/wp-json\/wp\/v2\/types\/page"}],"author":[{"embeddable":true,"href":"https:\/\/oncodecolombia.com\/index.php\/wp-json\/wp\/v2\/users\/1"}],"replies":[{"embeddable":true,"href":"https:\/\/oncodecolombia.com\/index.php\/wp-json\/wp\/v2\/comments?post=118"}],"version-history":[{"count":2,"href":"https:\/\/oncodecolombia.com\/index.php\/wp-json\/wp\/v2\/pages\/118\/revisions"}],"predecessor-version":[{"id":122,"href":"https:\/\/oncodecolombia.com\/index.php\/wp-json\/wp\/v2\/pages\/118\/revisions\/122"}],"wp:attachment":[{"href":"https:\/\/oncodecolombia.com\/index.php\/wp-json\/wp\/v2\/media?parent=118"}],"curies":[{"name":"wp","href":"https:\/\/api.w.org\/{rel}","templated":true}]}}