{"id":78,"date":"2020-06-30T13:06:17","date_gmt":"2020-06-30T18:06:17","guid":{"rendered":"http:\/\/oncodecolombia.com\/?page_id=78"},"modified":"2020-06-30T19:48:38","modified_gmt":"2020-07-01T00:48:38","slug":"permanencia-esal2020","status":"publish","type":"page","link":"https:\/\/oncodecolombia.com\/index.php\/permanencia-esal2020\/","title":{"rendered":"Permanencia ESAL 2020"},"content":{"rendered":"\n<p>Documentaci\u00f3n presentada para solicitar la permanencia en el R\u00e9gimen Tributario Especial:<\/p>\n\n\n\n<p><a href=\"http:\/\/www.oncodecolombia.com\/esal\/2020\/informedegestion2019.pdf\">1- Informe de gesti\u00f3n<\/a><\/p>\n\n\n\n<p><a href=\"http:\/\/www.oncodecolombia.com\/esal\/2020\/estadosfinancieros2019.pdf\">2- Estados financieros<\/a><\/p>\n\n\n\n<p><a href=\"http:\/\/www.oncodecolombia.com\/esal\/2020\/certificacionremuneracion.pdf\">3- Certificaci\u00f3n Revisor Fiscal<\/a><\/p>\n\n\n\n<p><a href=\"http:\/\/www.oncodecolombia.com\/esal\/2020\/certificacionremuneracion.pdf\">4- Certificaci\u00f3n Remuneraci\u00f3n<\/a><\/p>\n\n\n\n<p><a href=\"http:\/\/www.oncodecolombia.com\/esal\/2020\/acta18.pdf\">5- Acta Asamblea<\/a><\/p>\n\n\n\n<p><a href=\"http:\/\/www.oncodecolombia.com\/esal\/2020\/certificacionantecedentes.pdf\">6- Certificaci\u00f3n antecedentes<\/a><\/p>\n\n\n\n<p>A\u00f1os Anteriores:<\/p>\n\n\n\n<p>Documentos Permanencia ESAL 2019<\/p>\n\n\n\n<p>Documentos Permanencia ESAL 2018<\/p>\n","protected":false},"excerpt":{"rendered":"<p>Documentaci\u00f3n presentada para solicitar la permanencia en el R\u00e9gimen Tributario Especial: 1- Informe de gesti\u00f3n 2- Estados financieros 3- Certificaci\u00f3n Revisor Fiscal 4- Certificaci\u00f3n Remuneraci\u00f3n 5- Acta Asamblea 6- Certificaci\u00f3n antecedentes A\u00f1os Anteriores: Documentos Permanencia ESAL 2019 Documentos Permanencia ESAL 2018<\/p>\n","protected":false},"author":1,"featured_media":0,"parent":0,"menu_order":0,"comment_status":"closed","ping_status":"closed","template":"","meta":{"om_disable_all_campaigns":false,"_monsterinsights_skip_tracking":false,"_monsterinsights_sitenote_active":false,"_monsterinsights_sitenote_note":"","_monsterinsights_sitenote_category":0,"footnotes":""},"class_list":["post-78","page","type-page","status-publish","hentry"],"jetpack_sharing_enabled":true,"_links":{"self":[{"href":"https:\/\/oncodecolombia.com\/index.php\/wp-json\/wp\/v2\/pages\/78","targetHints":{"allow":["GET"]}}],"collection":[{"href":"https:\/\/oncodecolombia.com\/index.php\/wp-json\/wp\/v2\/pages"}],"about":[{"href":"https:\/\/oncodecolombia.com\/index.php\/wp-json\/wp\/v2\/types\/page"}],"author":[{"embeddable":true,"href":"https:\/\/oncodecolombia.com\/index.php\/wp-json\/wp\/v2\/users\/1"}],"replies":[{"embeddable":true,"href":"https:\/\/oncodecolombia.com\/index.php\/wp-json\/wp\/v2\/comments?post=78"}],"version-history":[{"count":4,"href":"https:\/\/oncodecolombia.com\/index.php\/wp-json\/wp\/v2\/pages\/78\/revisions"}],"predecessor-version":[{"id":83,"href":"https:\/\/oncodecolombia.com\/index.php\/wp-json\/wp\/v2\/pages\/78\/revisions\/83"}],"wp:attachment":[{"href":"https:\/\/oncodecolombia.com\/index.php\/wp-json\/wp\/v2\/media?parent=78"}],"curies":[{"name":"wp","href":"https:\/\/api.w.org\/{rel}","templated":true}]}}